{"id":177102,"date":"2025-07-01T09:38:17","date_gmt":"2025-07-01T14:38:17","guid":{"rendered":"https:\/\/www.tucash.co\/azulk\/?page_id=177102"},"modified":"2025-12-05T10:17:36","modified_gmt":"2025-12-05T15:17:36","slug":"cashbaton-con-azulk","status":"publish","type":"page","link":"https:\/\/www.tucash.co\/azulk\/","title":{"rendered":"Cashbat\u00f3n con AzulK"},"content":{"rendered":"\n\t<section class=\"section backmain\" id=\"section_345011867\">\n\t\t<div class=\"bg section-bg fill bg-fill  \" >\n\n\t\t\t\n\t\t\t\n\t\t\t\n\n\t\t<\/div>\n\n\t\t\n\n\t\t<div class=\"section-content relative\">\n\t\t\t\n\n<div class=\"row\"  id=\"row-120125328\">\n\n\n\t<div id=\"col-942960318\" class=\"col small-12 large-12\"  >\n\t\t\t\t<div class=\"col-inner text-center\"  >\n\t\t\t\n\t\t\t\n\n\t<div id=\"gap-1079121907\" class=\"gap-element clearfix\" style=\"display:block; height:auto;\">\n\t\t\n<style>\n#gap-1079121907 {\n  padding-top: 80px;\n}\n<\/style>\n\t<\/div>\n\t\n\n\t<div class=\"img has-hover hide-for-small x md-x lg-x y md-y lg-y\" id=\"image_1448348733\">\n\t\t\t\t\t\t\t\t<div class=\"img-inner dark\" style=\"margin:21px 0px 0px 0px;\">\n\t\t\t<img loading=\"lazy\" decoding=\"async\" width=\"1020\" height=\"307\" src=\"https:\/\/www.tucash.co\/azulk\/wp-content\/uploads\/2025\/09\/Promo-act.png\" class=\"attachment-large size-large\" alt=\"\" srcset=\"https:\/\/www.tucash.co\/azulk\/wp-content\/uploads\/2025\/09\/Promo-act.png 1125w, https:\/\/www.tucash.co\/azulk\/wp-content\/uploads\/2025\/09\/Promo-act-800x241.png 800w, https:\/\/www.tucash.co\/azulk\/wp-content\/uploads\/2025\/09\/Promo-act-768x231.png 768w\" sizes=\"auto, (max-width: 1020px) 100vw, 1020px\" \/>\t\t\t\t\t\t\n\t\t\t\t\t<\/div>\n\t\t\t\t\t\t\t\t\n<style>\n#image_1448348733 {\n  width: 100%;\n}\n@media (min-width:550px) {\n  #image_1448348733 {\n    width: 90%;\n  }\n}\n<\/style>\n\t<\/div>\n\t\n\n\t<div class=\"img has-hover show-for-small x md-x lg-x y md-y lg-y\" id=\"image_542332988\">\n\t\t\t\t\t\t\t\t<div class=\"img-inner dark\" style=\"margin:21px 0px 0px 0px;\">\n\t\t\t<img loading=\"lazy\" decoding=\"async\" width=\"800\" height=\"684\" src=\"https:\/\/www.tucash.co\/azulk\/wp-content\/uploads\/2025\/09\/promo-mobile.png\" class=\"attachment-original size-original\" alt=\"\" srcset=\"https:\/\/www.tucash.co\/azulk\/wp-content\/uploads\/2025\/09\/promo-mobile.png 800w, https:\/\/www.tucash.co\/azulk\/wp-content\/uploads\/2025\/09\/promo-mobile-468x400.png 468w, https:\/\/www.tucash.co\/azulk\/wp-content\/uploads\/2025\/09\/promo-mobile-768x657.png 768w\" sizes=\"auto, (max-width: 800px) 100vw, 800px\" \/>\t\t\t\t\t\t\n\t\t\t\t\t<\/div>\n\t\t\t\t\t\t\t\t\n<style>\n#image_542332988 {\n  width: 93%;\n}\n@media (min-width:550px) {\n  #image_542332988 {\n    width: 90%;\n  }\n}\n<\/style>\n\t<\/div>\n\t\n\n\t<div id=\"gap-544846909\" class=\"gap-element clearfix\" style=\"display:block; height:auto;\">\n\t\t\n<style>\n#gap-544846909 {\n  padding-top: 17px;\n}\n@media (min-width:550px) {\n  #gap-544846909 {\n    padding-top: 49px;\n  }\n}\n<\/style>\n\t<\/div>\n\t\n\n<a href=\"#sube\" target=\"_self\" class=\"button primary is-large hidden\"  style=\"border-radius:9px;\">\n    <span>SUBIR FACTURAS<\/span>\n  <\/a>\n\n\n\t<div id=\"gap-1871688083\" class=\"gap-element clearfix\" style=\"display:block; height:auto;\">\n\t\t\n<style>\n#gap-1871688083 {\n  padding-top: 0px;\n}\n@media (min-width:550px) {\n  #gap-1871688083 {\n    padding-top: 30px;\n  }\n}\n<\/style>\n\t<\/div>\n\t\n\n\t<div class=\"img has-hover x md-x lg-x y md-y lg-y\" id=\"image_1529920268\">\n\t\t\t\t\t\t\t\t<div class=\"img-inner dark\" >\n\t\t\t<img loading=\"lazy\" decoding=\"async\" width=\"984\" height=\"122\" src=\"https:\/\/www.tucash.co\/azulk\/wp-content\/uploads\/2025\/08\/marcas-1.png\" class=\"attachment-original size-original\" alt=\"\" srcset=\"https:\/\/www.tucash.co\/azulk\/wp-content\/uploads\/2025\/08\/marcas-1.png 984w, https:\/\/www.tucash.co\/azulk\/wp-content\/uploads\/2025\/08\/marcas-1-800x99.png 800w, https:\/\/www.tucash.co\/azulk\/wp-content\/uploads\/2025\/08\/marcas-1-768x95.png 768w\" sizes=\"auto, (max-width: 984px) 100vw, 984px\" \/>\t\t\t\t\t\t\n\t\t\t\t\t<\/div>\n\t\t\t\t\t\t\t\t\n<style>\n#image_1529920268 {\n  width: 100%;\n}\n@media (min-width:550px) {\n  #image_1529920268 {\n    width: 80%;\n  }\n}\n<\/style>\n\t<\/div>\n\t\n\n\n\t\t<\/div>\n\t\t\t\t\n<style>\n#col-942960318 > .col-inner {\n  margin: 0px 0px 20px 0px;\n}\n@media (min-width:550px) {\n  #col-942960318 > .col-inner {\n    margin: 0px 0px 50px 0px;\n  }\n}\n<\/style>\n\t<\/div>\n\n\t\n\n<\/div>\n\n\t\t<\/div>\n\n\t\t\n<style>\n#section_345011867 {\n  padding-top: 0px;\n  padding-bottom: 0px;\n}\n#section_345011867 .section-bg.bg-loaded {\n  background-image: url(https:\/\/www.tucash.co\/azulk\/wp-content\/uploads\/2025\/08\/back_01.jpg);\n}\n#section_345011867 .section-bg {\n  background-position: 50% 6%;\n}\n#section_345011867 .ux-shape-divider--top svg {\n  height: 150px;\n  --divider-top-width: 100%;\n}\n#section_345011867 .ux-shape-divider--bottom svg {\n  height: 150px;\n  --divider-width: 100%;\n}\n@media (min-width:550px) {\n  #section_345011867 {\n    padding-top: 30px;\n    padding-bottom: 30px;\n  }\n}\n<\/style>\n\t<\/section>\n\t\n\n\n\t<section class=\"section show-for-small\" id=\"section_125944511\">\n\t\t<div class=\"bg section-bg fill bg-fill  \" >\n\n\t\t\t\n\t\t\t\n\t\t\t\n\n\t\t<\/div>\n\n\t\t\n\n\t\t<div class=\"section-content relative\">\n\t\t\t\n\n\t<div id=\"gap-222109281\" class=\"gap-element clearfix\" style=\"display:block; height:auto;\">\n\t\t\n<style>\n#gap-222109281 {\n  padding-top: 16px;\n}\n@media (min-width:550px) {\n  #gap-222109281 {\n    padding-top: 70px;\n  }\n}\n<\/style>\n\t<\/div>\n\t\n\n<div class=\"row tablabodegon\"  id=\"row-328933466\">\n\n\n\t<div id=\"col-113308102\" class=\"col medium-5 small-12 large-5\"  >\n\t\t\t\t<div class=\"col-inner text-center\"  >\n\t\t\t\n\t\t\t\n\n\t<div class=\"img has-hover x md-x lg-x y md-y lg-y\" id=\"image_1221751384\">\n\t\t\t\t\t\t\t\t<div class=\"img-inner dark\" >\n\t\t\t<img loading=\"lazy\" decoding=\"async\" width=\"555\" height=\"375\" src=\"https:\/\/www.tucash.co\/azulk\/wp-content\/uploads\/2025\/09\/bodegon-1.png\" class=\"attachment-large size-large\" alt=\"\" \/>\t\t\t\t\t\t\n\t\t\t\t\t<\/div>\n\t\t\t\t\t\t\t\t\n<style>\n#image_1221751384 {\n  width: 93%;\n}\n@media (min-width:550px) {\n  #image_1221751384 {\n    width: 100%;\n  }\n}\n<\/style>\n\t<\/div>\n\t\n\n\t<div class=\"img has-hover x md-x lg-x y md-y lg-y\" id=\"image_63546813\">\n\t\t\t\t\t\t\t\t<div class=\"img-inner dark\" style=\"margin:42px 0px 0px 0px;\">\n\t\t\t<img loading=\"lazy\" decoding=\"async\" width=\"458\" height=\"458\" src=\"https:\/\/www.tucash.co\/azulk\/wp-content\/uploads\/2025\/08\/cachero.png\" class=\"attachment-large size-large\" alt=\"\" srcset=\"https:\/\/www.tucash.co\/azulk\/wp-content\/uploads\/2025\/08\/cachero.png 458w, https:\/\/www.tucash.co\/azulk\/wp-content\/uploads\/2025\/08\/cachero-400x400.png 400w, https:\/\/www.tucash.co\/azulk\/wp-content\/uploads\/2025\/08\/cachero-280x280.png 280w\" sizes=\"auto, (max-width: 458px) 100vw, 458px\" \/>\t\t\t\t\t\t\n\t\t\t\t\t<\/div>\n\t\t\t\t\t\t\t\t\n<style>\n#image_63546813 {\n  width: 78%;\n}\n<\/style>\n\t<\/div>\n\t\n\n\t<div id=\"gap-1979399697\" class=\"gap-element clearfix\" style=\"display:block; height:auto;\">\n\t\t\n<style>\n#gap-1979399697 {\n  padding-top: 60px;\n}\n<\/style>\n\t<\/div>\n\t\n\n\n\t\t<\/div>\n\t\t\t\t\n<style>\n#col-113308102 > .col-inner {\n  margin: 41px 0px 0px 0px;\n}\n<\/style>\n\t<\/div>\n\n\t\n\n<\/div>\n\n\t\t<\/div>\n\n\t\t\n<style>\n#section_125944511 {\n  padding-top: 0px;\n  padding-bottom: 0px;\n}\n#section_125944511 .section-bg.bg-loaded {\n  background-image: url(https:\/\/www.tucash.co\/azulk\/wp-content\/uploads\/2025\/08\/back_01.jpg);\n}\n#section_125944511 .section-bg {\n  background-position: 50% 100%;\n}\n#section_125944511 .ux-shape-divider--top svg {\n  height: 150px;\n  --divider-top-width: 100%;\n}\n#section_125944511 .ux-shape-divider--bottom svg {\n  height: 150px;\n  --divider-width: 100%;\n}\n<\/style>\n\t<\/section>\n\t\n\t<section class=\"section pqrs\" id=\"section_1279803079\">\n\t\t<div class=\"bg section-bg fill bg-fill  bg-loaded\" >\n\n\t\t\t\n\t\t\t\n\t\t\t\n\n\t\t<\/div>\n\n\t\t\n\n\t\t<div class=\"section-content relative\">\n\t\t\t\n\n<div class=\"row\"  id=\"row-991516602\">\n\n\n\t<div id=\"col-2112735484\" class=\"col preguntas small-12 large-12\"  >\n\t\t\t\t<div class=\"col-inner\"  >\n\t\t\t\n\t\t\t\n\n\t<div id=\"gap-933018948\" class=\"gap-element clearfix\" style=\"display:block; height:auto;\">\n\t\t\n<style>\n#gap-933018948 {\n  padding-top: 30px;\n}\n<\/style>\n\t<\/div>\n\t\n\n\t<div id=\"text-555142150\" class=\"text\">\n\t\t\n\n<p>Preguntas frecuentes<\/p>\n\t\t\n<style>\n#text-555142150 {\n  font-size: 1.85rem;\n  text-align: center;\n}\n<\/style>\n\t<\/div>\n\t\n\n\t\t<\/div>\n\t\t\t\t\t<\/div>\n\n\t\n\n<\/div>\n<div class=\"row align-center\"  id=\"row-1520130094\">\n\n\n\t<div id=\"col-737946591\" class=\"col medium-8 small-12 large-8\"  >\n\t\t\t\t<div class=\"col-inner\"  >\n\t\t\t\n\t\t\t\n\n<div class=\"accordion\" rel=\"\">\n\n<div class=\"accordion-item\"><a href=\"#\" class=\"accordion-title plain\"><button class=\"toggle\" aria-label=\"Toggle\"><i class=\"icon-angle-down\"><\/i><\/button><span>\u00bfCu\u00e1l es la mec\u00e1nica de la actividad?<\/span><\/a><div class=\"accordion-inner\">\n\n<p>Durante la vigencia de la Actividad Promocional, por cada treinta y cinco mil pesos colombianos (COP $35.000) en compras de productos participantes realizadas en los supermercados especificados en el Ap\u00e9ndice 1 de estos t\u00e9rminos y condiciones, el consumidor podr\u00e1 recibir una recompensa de cinco mil pesos colombianos (COP $5.000) en cashback, pudiendo acumular facturas hasta completar el monto m\u00ednimo exigido.<\/p>\n\n<\/div><\/div>\n<div class=\"accordion-item\"><a href=\"#\" class=\"accordion-title plain\"><button class=\"toggle\" aria-label=\"Toggle\"><i class=\"icon-angle-down\"><\/i><\/button><span>\u00bfCu\u00e1l es la vigencia de la actividad?<\/span><\/a><div class=\"accordion-inner\">\n\n<p>La Actividad Promocional estar\u00e1 vigente desde el veinticinco (25) de agosto de dos mil veinticinco (2025) hasta el treinta y uno (31) de octubre de dos mil veinticinco (2025), o hasta agotar la bolsa de incentivos destinada para la actividad, de conformidad con la cantidad disponible para la campa\u00f1a.<\/p>\n\n<\/div><\/div>\n<div class=\"accordion-item\"><a href=\"#\" class=\"accordion-title plain\"><button class=\"toggle\" aria-label=\"Toggle\"><i class=\"icon-angle-down\"><\/i><\/button><span>\u00bfCu\u00e1les son los canales de participaci\u00f3n?<\/span><\/a><div class=\"accordion-inner\">\n\n<p>Los canales habilitados son la App Tu Cash y la landing Page<br \/>\nhttps:\/\/www.tucash.co\/azulk\/<\/p>\n\n<\/div><\/div>\n<div class=\"accordion-item\"><a href=\"#\" class=\"accordion-title plain\"><button class=\"toggle\" aria-label=\"Toggle\"><i class=\"icon-angle-down\"><\/i><\/button><span>\u00bfA trav\u00e9s de qu\u00e9 billeteras digitales puedo redimir mi CA$H?<\/span><\/a><div class=\"accordion-inner\">\n\n<p>El cashback podr\u00e1 ser reclamado en las billeteras digitales Nequi, Daviplata, Tpaga, Bancolombia a la mano y Dale.<\/p>\n\n<\/div><\/div>\n<div class=\"accordion-item\"><a href=\"#\" class=\"accordion-title plain\"><button class=\"toggle\" aria-label=\"Toggle\"><i class=\"icon-angle-down\"><\/i><\/button><span>\u00bfCu\u00e1les son los puntos de ventas participantes?<\/span><\/a><div class=\"accordion-inner\">\n\n<p>La Actividad Promocional se llevar\u00e1 a cabo en los supermercados detallados en el Ap\u00e9ndice 1 de los t\u00e9rminos y condiciones que puedes encontrar en la Landing page, ubicados en el territorio colombiano, en los que se comercialicen productos fabricados por AZUL K<\/p>\n\n<\/div><\/div>\n<div class=\"accordion-item\"><a href=\"#\" class=\"accordion-title plain\"><button class=\"toggle\" aria-label=\"Toggle\"><i class=\"icon-angle-down\"><\/i><\/button><span>\u00bfCu\u00e1l es la l\u00ednea de atenci\u00f3n al usuario?<\/span><\/a><div class=\"accordion-inner\">\n\n<p>La l\u00ednea de atenci\u00f3n +57 3167219340<\/p>\n\n<\/div><\/div>\n<div class=\"accordion-item\"><a href=\"#\" class=\"accordion-title plain\"><button class=\"toggle\" aria-label=\"Toggle\"><i class=\"icon-angle-down\"><\/i><\/button><span>\u00bfCu\u00e1nto cashback como m\u00e1ximo puede ganar un participante?<\/span><\/a><div class=\"accordion-inner\">\n\n<p>El valor m\u00e1ximo en incentivos que puede obtener una persona durante la campa\u00f1a es de COP veinte Mil pesos ($20.000), independientemente del valor por factura y de la cantidad de las facturas registradas.<\/p>\n\n<\/div><\/div>\n<div class=\"accordion-item\"><a href=\"#\" class=\"accordion-title plain\"><button class=\"toggle\" aria-label=\"Toggle\"><i class=\"icon-angle-down\"><\/i><\/button><span>\u00bfQu\u00e9 debo tener en cuenta al presentar una factura de compra y subir en la actividad?<\/span><\/a><div class=\"accordion-inner\">\n\n<p>El Participante deber\u00e1 conservar la factura de compra de los productos participantes, la cual debe cumplir con todos los requisitos legales y las condiciones m\u00ednimas referentes y que se visualicen de forma clara los siguientes datos:<\/p>\n<ul>\n<li>El nombre del establecimiento en el cual se realiz\u00f3 la compra.<\/li>\n<li>N\u00famero de factura.<\/li>\n<li>NIT y raz\u00f3n Social del punto de venta.<\/li>\n<li>Nombre y valor de cada uno de los productos adquiridos y el valor total de la compra.<\/li>\n<li>Cada factura podr\u00e1 ser registra m\u00e1ximo una vez durante toda la ACTIVIDAD.<\/li>\n<\/ul>\n\n<\/div><\/div>\n\n<\/div>\n<a rel=\"noopener noreferrer\" href=\"https:\/\/www.tucash.co\/azulk\/wp-content\/uploads\/2025\/08\/Cashbaton-con-Azul-K-25-Agosto-31-Octubre-V3.pdf\" target=\"_blank\" class=\"button primary\"  style=\"border-radius:9px;\">\n    <span>T\u00e9rminos y condiciones<\/span>\n  <\/a>\n\n\n\t<div id=\"gap-1284280668\" class=\"gap-element clearfix\" style=\"display:block; height:auto;\">\n\t\t\n<style>\n#gap-1284280668 {\n  padding-top: 0px;\n}\n@media (min-width:550px) {\n  #gap-1284280668 {\n    padding-top: 30px;\n  }\n}\n<\/style>\n\t<\/div>\n\t\n\n\n\t\t<\/div>\n\t\t\t\t\t<\/div>\n\n\t\n\n<\/div>\n\n\t\t<\/div>\n\n\t\t\n<style>\n#section_1279803079 {\n  padding-top: 30px;\n  padding-bottom: 30px;\n}\n#section_1279803079 .ux-shape-divider--top svg {\n  height: 150px;\n  --divider-top-width: 100%;\n}\n#section_1279803079 .ux-shape-divider--bottom svg {\n  height: 150px;\n  --divider-width: 100%;\n}\n<\/style>\n\t<\/section>\n\t\n\t<section class=\"section\" id=\"section_1413478982\">\n\t\t<div class=\"bg section-bg fill bg-fill  bg-loaded\" >\n\n\t\t\t\n\t\t\t\n\t\t\t\n\n\t\t<\/div>\n\n\t\t\n\n\t\t<div class=\"section-content relative\">\n\t\t\t\n\n<div class=\"row row-collapse\"  id=\"row-297554144\">\n\n\n\t<div id=\"col-132112758\" class=\"col small-12 large-12\"  >\n\t\t\t\t<div class=\"col-inner text-center\"  >\n\t\t\t\n\t\t\t\n\n\t<div class=\"img has-hover x md-x lg-x y md-y lg-y\" id=\"image_1638430383\">\n\t\t\t\t\t\t\t\t<div class=\"img-inner dark\" >\n\t\t\t<img loading=\"lazy\" decoding=\"async\" width=\"714\" height=\"297\" src=\"https:\/\/www.tucash.co\/azulk\/wp-content\/uploads\/2025\/08\/app.png\" class=\"attachment-large size-large\" alt=\"\" \/>\t\t\t\t\t\t\n\t\t\t\t\t<\/div>\n\t\t\t\t\t\t\t\t\n<style>\n#image_1638430383 {\n  width: 81%;\n}\n@media (min-width:550px) {\n  #image_1638430383 {\n    width: 39%;\n  }\n}\n<\/style>\n\t<\/div>\n\t\n\n\n\t\t<\/div>\n\t\t\t\t\n<style>\n#col-132112758 > .col-inner {\n  padding: 0 0px 0px 0px;\n  margin: -25px 0px 0px 0px;\n}\n@media (min-width:550px) {\n  #col-132112758 > .col-inner {\n    margin: 0 0px 0px 0px;\n  }\n}\n<\/style>\n\t<\/div>\n\n\t\n\n<\/div>\n\n\t\t<\/div>\n\n\t\t\n<style>\n#section_1413478982 {\n  padding-top: 0px;\n  padding-bottom: 0px;\n}\n#section_1413478982 .ux-shape-divider--top svg {\n  height: 150px;\n  --divider-top-width: 100%;\n}\n#section_1413478982 .ux-shape-divider--bottom svg {\n  height: 150px;\n  --divider-width: 100%;\n}\n<\/style>\n\t<\/section>\n\t\n\t<section class=\"section\" id=\"section_1884591996\">\n\t\t<div class=\"bg section-bg fill bg-fill  bg-loaded\" >\n\n\t\t\t\n\t\t\t\n\t\t\t\n\n\t\t<\/div>\n\n\t\t\n\n\t\t<div class=\"section-content relative\">\n\t\t\t\n\n\t<div id=\"text-654286454\" class=\"text\">\n\t\t\n\n<p>TUCASH.CO TODOS LOS DERECHOS RESERVADOS 2025<\/p>\n<p>www.tucash.co\/azulk<\/p>\n\t\t\n<style>\n#text-654286454 {\n  font-size: 0.75rem;\n  text-align: center;\n  color: rgb(255,255,255);\n}\n#text-654286454 > * {\n  color: rgb(255,255,255);\n}\n<\/style>\n\t<\/div>\n\t\n\n\t\t<\/div>\n\n\t\t\n<style>\n#section_1884591996 {\n  padding-top: 30px;\n  padding-bottom: 30px;\n  background-color: #1d4c91;\n}\n#section_1884591996 .ux-shape-divider--top svg {\n  height: 150px;\n  --divider-top-width: 100%;\n}\n#section_1884591996 .ux-shape-divider--bottom svg {\n  height: 150px;\n  --divider-width: 100%;\n}\n<\/style>\n\t<\/section>\n\t\n\n","protected":false},"excerpt":{"rendered":"","protected":false},"author":1,"featured_media":177664,"parent":0,"menu_order":2,"comment_status":"closed","ping_status":"closed","template":"page-transparent-header.php","meta":{"footnotes":""},"class_list":["post-177102","page","type-page","status-publish","has-post-thumbnail","hentry"],"yoast_head":"<!-- This site is optimized with the Yoast SEO plugin v26.5 - https:\/\/yoast.com\/wordpress\/plugins\/seo\/ -->\n<title>Cashbat\u00f3n con AzulK - TuCash<\/title>\n<meta name=\"description\" content=\"Te devolvemos $5.000 CA$H por cada $35.000 en compras de productos Azulk. Con TuCash lo buenos se devuelve.\" \/>\n<meta name=\"robots\" content=\"index, follow, max-snippet:-1, max-image-preview:large, max-video-preview:-1\" \/>\n<link rel=\"canonical\" href=\"https:\/\/www.tucash.co\/azulk\/\" \/>\n<meta property=\"og:locale\" content=\"es_ES\" \/>\n<meta property=\"og:type\" content=\"article\" \/>\n<meta property=\"og:title\" content=\"Cashbat\u00f3n con AzulK - TuCash\" \/>\n<meta property=\"og:description\" content=\"Te devolvemos $5.000 CA$H por cada $35.000 en compras de productos Azulk. Con TuCash lo buenos se devuelve.\" \/>\n<meta property=\"og:url\" content=\"https:\/\/www.tucash.co\/azulk\/\" \/>\n<meta property=\"og:site_name\" content=\"Cashbat\u00f3n con AzulK\" \/>\n<meta property=\"article:publisher\" content=\"https:\/\/www.facebook.com\/TuCashOficial\/\" \/>\n<meta property=\"article:modified_time\" content=\"2025-12-05T15:17:36+00:00\" \/>\n<meta property=\"og:image\" content=\"https:\/\/www.tucash.co\/azulk\/wp-content\/uploads\/2025\/08\/Avatar_Azul.png\" \/>\n\t<meta property=\"og:image:width\" content=\"1061\" \/>\n\t<meta property=\"og:image:height\" content=\"720\" \/>\n\t<meta property=\"og:image:type\" content=\"image\/png\" \/>\n<meta name=\"twitter:card\" content=\"summary_large_image\" \/>\n<meta name=\"twitter:label1\" content=\"Tiempo de lectura\" \/>\n\t<meta name=\"twitter:data1\" content=\"4 minutos\" \/>\n<script type=\"application\/ld+json\" class=\"yoast-schema-graph\">{\"@context\":\"https:\/\/schema.org\",\"@graph\":[{\"@type\":\"WebPage\",\"@id\":\"https:\/\/www.tucash.co\/azulk\/\",\"url\":\"https:\/\/www.tucash.co\/azulk\/\",\"name\":\"Cashbat\u00f3n con AzulK - TuCash\",\"isPartOf\":{\"@id\":\"https:\/\/www.tucash.co\/azulk\/#website\"},\"primaryImageOfPage\":{\"@id\":\"https:\/\/www.tucash.co\/azulk\/#primaryimage\"},\"image\":{\"@id\":\"https:\/\/www.tucash.co\/azulk\/#primaryimage\"},\"thumbnailUrl\":\"https:\/\/www.tucash.co\/azulk\/wp-content\/uploads\/2025\/08\/Avatar_Azul.png\",\"datePublished\":\"2025-07-01T14:38:17+00:00\",\"dateModified\":\"2025-12-05T15:17:36+00:00\",\"description\":\"Te devolvemos $5.000 CA$H por cada $35.000 en compras de productos Azulk. Con TuCash lo buenos se devuelve.\",\"breadcrumb\":{\"@id\":\"https:\/\/www.tucash.co\/azulk\/#breadcrumb\"},\"inLanguage\":\"es\",\"potentialAction\":[{\"@type\":\"ReadAction\",\"target\":[\"https:\/\/www.tucash.co\/azulk\/\"]}]},{\"@type\":\"ImageObject\",\"inLanguage\":\"es\",\"@id\":\"https:\/\/www.tucash.co\/azulk\/#primaryimage\",\"url\":\"https:\/\/www.tucash.co\/azulk\/wp-content\/uploads\/2025\/08\/Avatar_Azul.png\",\"contentUrl\":\"https:\/\/www.tucash.co\/azulk\/wp-content\/uploads\/2025\/08\/Avatar_Azul.png\",\"width\":1061,\"height\":720},{\"@type\":\"BreadcrumbList\",\"@id\":\"https:\/\/www.tucash.co\/azulk\/#breadcrumb\",\"itemListElement\":[{\"@type\":\"ListItem\",\"position\":1,\"name\":\"Home\",\"item\":\"https:\/\/www.tucash.co\/azulk\/\"},{\"@type\":\"ListItem\",\"position\":2,\"name\":\"Cashbat\u00f3n con AzulK\"}]},{\"@type\":\"WebSite\",\"@id\":\"https:\/\/www.tucash.co\/azulk\/#website\",\"url\":\"https:\/\/www.tucash.co\/azulk\/\",\"name\":\"Cashbat\u00f3n con AzulK\",\"description\":\"Te devolvemos $5.000 CA$H por cada $35.000 en compras de productos Azulk. Con TuCash lo buenos se devuelve.\",\"alternateName\":\"Cashbat\u00f3n con AzulK\",\"potentialAction\":[{\"@type\":\"SearchAction\",\"target\":{\"@type\":\"EntryPoint\",\"urlTemplate\":\"https:\/\/www.tucash.co\/azulk\/?s={search_term_string}\"},\"query-input\":{\"@type\":\"PropertyValueSpecification\",\"valueRequired\":true,\"valueName\":\"search_term_string\"}}],\"inLanguage\":\"es\"}]}<\/script>\n<!-- \/ Yoast SEO plugin. -->","yoast_head_json":{"title":"Cashbat\u00f3n con AzulK - TuCash","description":"Te devolvemos $5.000 CA$H por cada $35.000 en compras de productos Azulk. Con TuCash lo buenos se devuelve.","robots":{"index":"index","follow":"follow","max-snippet":"max-snippet:-1","max-image-preview":"max-image-preview:large","max-video-preview":"max-video-preview:-1"},"canonical":"https:\/\/www.tucash.co\/azulk\/","og_locale":"es_ES","og_type":"article","og_title":"Cashbat\u00f3n con AzulK - TuCash","og_description":"Te devolvemos $5.000 CA$H por cada $35.000 en compras de productos Azulk. Con TuCash lo buenos se devuelve.","og_url":"https:\/\/www.tucash.co\/azulk\/","og_site_name":"Cashbat\u00f3n con AzulK","article_publisher":"https:\/\/www.facebook.com\/TuCashOficial\/","article_modified_time":"2025-12-05T15:17:36+00:00","og_image":[{"width":1061,"height":720,"url":"https:\/\/www.tucash.co\/azulk\/wp-content\/uploads\/2025\/08\/Avatar_Azul.png","type":"image\/png"}],"twitter_card":"summary_large_image","twitter_misc":{"Tiempo de lectura":"4 minutos"},"schema":{"@context":"https:\/\/schema.org","@graph":[{"@type":"WebPage","@id":"https:\/\/www.tucash.co\/azulk\/","url":"https:\/\/www.tucash.co\/azulk\/","name":"Cashbat\u00f3n con AzulK - TuCash","isPartOf":{"@id":"https:\/\/www.tucash.co\/azulk\/#website"},"primaryImageOfPage":{"@id":"https:\/\/www.tucash.co\/azulk\/#primaryimage"},"image":{"@id":"https:\/\/www.tucash.co\/azulk\/#primaryimage"},"thumbnailUrl":"https:\/\/www.tucash.co\/azulk\/wp-content\/uploads\/2025\/08\/Avatar_Azul.png","datePublished":"2025-07-01T14:38:17+00:00","dateModified":"2025-12-05T15:17:36+00:00","description":"Te devolvemos $5.000 CA$H por cada $35.000 en compras de productos Azulk. Con TuCash lo buenos se devuelve.","breadcrumb":{"@id":"https:\/\/www.tucash.co\/azulk\/#breadcrumb"},"inLanguage":"es","potentialAction":[{"@type":"ReadAction","target":["https:\/\/www.tucash.co\/azulk\/"]}]},{"@type":"ImageObject","inLanguage":"es","@id":"https:\/\/www.tucash.co\/azulk\/#primaryimage","url":"https:\/\/www.tucash.co\/azulk\/wp-content\/uploads\/2025\/08\/Avatar_Azul.png","contentUrl":"https:\/\/www.tucash.co\/azulk\/wp-content\/uploads\/2025\/08\/Avatar_Azul.png","width":1061,"height":720},{"@type":"BreadcrumbList","@id":"https:\/\/www.tucash.co\/azulk\/#breadcrumb","itemListElement":[{"@type":"ListItem","position":1,"name":"Home","item":"https:\/\/www.tucash.co\/azulk\/"},{"@type":"ListItem","position":2,"name":"Cashbat\u00f3n con AzulK"}]},{"@type":"WebSite","@id":"https:\/\/www.tucash.co\/azulk\/#website","url":"https:\/\/www.tucash.co\/azulk\/","name":"Cashbat\u00f3n con AzulK","description":"Te devolvemos $5.000 CA$H por cada $35.000 en compras de productos Azulk. Con TuCash lo buenos se devuelve.","alternateName":"Cashbat\u00f3n con AzulK","potentialAction":[{"@type":"SearchAction","target":{"@type":"EntryPoint","urlTemplate":"https:\/\/www.tucash.co\/azulk\/?s={search_term_string}"},"query-input":{"@type":"PropertyValueSpecification","valueRequired":true,"valueName":"search_term_string"}}],"inLanguage":"es"}]}},"_links":{"self":[{"href":"https:\/\/www.tucash.co\/azulk\/wp-json\/wp\/v2\/pages\/177102","targetHints":{"allow":["GET"]}}],"collection":[{"href":"https:\/\/www.tucash.co\/azulk\/wp-json\/wp\/v2\/pages"}],"about":[{"href":"https:\/\/www.tucash.co\/azulk\/wp-json\/wp\/v2\/types\/page"}],"author":[{"embeddable":true,"href":"https:\/\/www.tucash.co\/azulk\/wp-json\/wp\/v2\/users\/1"}],"replies":[{"embeddable":true,"href":"https:\/\/www.tucash.co\/azulk\/wp-json\/wp\/v2\/comments?post=177102"}],"version-history":[{"count":10,"href":"https:\/\/www.tucash.co\/azulk\/wp-json\/wp\/v2\/pages\/177102\/revisions"}],"predecessor-version":[{"id":177688,"href":"https:\/\/www.tucash.co\/azulk\/wp-json\/wp\/v2\/pages\/177102\/revisions\/177688"}],"wp:featuredmedia":[{"embeddable":true,"href":"https:\/\/www.tucash.co\/azulk\/wp-json\/wp\/v2\/media\/177664"}],"wp:attachment":[{"href":"https:\/\/www.tucash.co\/azulk\/wp-json\/wp\/v2\/media?parent=177102"}],"curies":[{"name":"wp","href":"https:\/\/api.w.org\/{rel}","templated":true}]}}